{"id":38,"date":"2025-11-29T10:33:25","date_gmt":"2025-11-29T10:33:25","guid":{"rendered":"http:\/\/lauberdiere.fr\/?page_id=38"},"modified":"2025-12-02T11:34:42","modified_gmt":"2025-12-02T11:34:42","slug":"decouvrir","status":"publish","type":"page","link":"https:\/\/lauberdiere.fr\/index.php\/decouvrir\/","title":{"rendered":"decouvrir"},"content":{"rendered":"\n<div class=\"wp-block-group alignfull\"><div class=\"wp-block-group__inner-container is-layout-constrained wp-block-group-is-layout-constrained\">\n<div class=\"wp-block-cover alignfull\" style=\"margin-top:0;min-height:40vw;aspect-ratio:unset;\"><img loading=\"lazy\" decoding=\"async\" width=\"800\" height=\"355\" class=\"wp-block-cover__image-background wp-image-228 size-full\" alt=\"\" src=\"http:\/\/lauberdiere.fr\/wp-content\/uploads\/2025\/12\/DSC_4832.jpg\" data-object-fit=\"cover\" srcset=\"https:\/\/lauberdiere.fr\/wp-content\/uploads\/2025\/12\/DSC_4832.jpg 800w, https:\/\/lauberdiere.fr\/wp-content\/uploads\/2025\/12\/DSC_4832-300x133.jpg 300w, https:\/\/lauberdiere.fr\/wp-content\/uploads\/2025\/12\/DSC_4832-768x341.jpg 768w\" sizes=\"auto, (max-width: 800px) 100vw, 800px\" \/><span aria-hidden=\"true\" class=\"wp-block-cover__background has-black-background-color has-background-dim-0 has-background-dim\"><\/span><div class=\"wp-block-cover__inner-container is-layout-flow wp-block-cover-is-layout-flow\">\n<h1 class=\"wp-block-heading has-theme-palette-9-color has-text-color has-link-color has-xxlarge-font-size wp-elements-edbcf7b174c02e510685f42bbafcffe7\">D\u00e9couvrir le Perche<\/h1>\n\n\n<style>.wp-block-kadence-advancedheading.kt-adv-heading38_020646-49_0, .wp-block-kadence-advancedheading.kt-adv-heading38_020646-49_0[data-kb-block=\"kb-adv-heading38_020646-49_0\"]{font-size:var(--global-kb-font-size-lg, 2rem);font-style:normal;}.wp-block-kadence-advancedheading.kt-adv-heading38_020646-49_0 mark.kt-highlight, .wp-block-kadence-advancedheading.kt-adv-heading38_020646-49_0[data-kb-block=\"kb-adv-heading38_020646-49_0\"] mark.kt-highlight{font-style:normal;color:#f76a0c;-webkit-box-decoration-break:clone;box-decoration-break:clone;padding-top:0px;padding-right:0px;padding-bottom:0px;padding-left:0px;}<\/style>\n<p class=\"kt-adv-heading38_020646-49_0 wp-block-kadence-advancedheading\" data-kb-block=\"kb-adv-heading38_020646-49_0\">Nature, patrimoine et art de vivre<\/p>\n<\/div><\/div>\n<\/div><\/div>\n\n\n<style>.wp-block-kadence-advancedheading.kt-adv-heading38_85d3c0-dd_0, .wp-block-kadence-advancedheading.kt-adv-heading38_85d3c0-dd_0[data-kb-block=\"kb-adv-heading38_85d3c0-dd_0\"]{font-size:var(--global-kb-font-size-md, 1.25rem);font-style:normal;}.wp-block-kadence-advancedheading.kt-adv-heading38_85d3c0-dd_0 mark.kt-highlight, .wp-block-kadence-advancedheading.kt-adv-heading38_85d3c0-dd_0[data-kb-block=\"kb-adv-heading38_85d3c0-dd_0\"] mark.kt-highlight{font-style:normal;color:#f76a0c;-webkit-box-decoration-break:clone;box-decoration-break:clone;padding-top:0px;padding-right:0px;padding-bottom:0px;padding-left:0px;}<\/style>\n<p class=\"kt-adv-heading38_85d3c0-dd_0 wp-block-kadence-advancedheading\" data-kb-block=\"kb-adv-heading38_85d3c0-dd_0\">Le Perche est un territoire au charme singulier, fait de collines, de bocages, de for\u00eats profondes et de villages de caract\u00e8re.\nSitu\u00e9 \u00e0 moins de 2 heures de Paris, c\u2019est une destination id\u00e9ale pour s\u2019\u00e9vader le temps d\u2019un week-end, retrouver le calme ou simplement respirer.<\/p>\n\n\n<style>.wp-block-kadence-advancedheading.kt-adv-heading38_85d3c0-dd_1, .wp-block-kadence-advancedheading.kt-adv-heading38_85d3c0-dd_1[data-kb-block=\"kb-adv-heading38_85d3c0-dd_1\"]{font-size:var(--global-kb-font-size-md, 1.25rem);font-style:normal;}.wp-block-kadence-advancedheading.kt-adv-heading38_85d3c0-dd_1 mark.kt-highlight, .wp-block-kadence-advancedheading.kt-adv-heading38_85d3c0-dd_1[data-kb-block=\"kb-adv-heading38_85d3c0-dd_1\"] mark.kt-highlight{font-style:normal;color:#f76a0c;-webkit-box-decoration-break:clone;box-decoration-break:clone;padding-top:0px;padding-right:0px;padding-bottom:0px;padding-left:0px;}<\/style>\n<p class=\"kt-adv-heading38_85d3c0-dd_1 wp-block-kadence-advancedheading\" data-kb-block=\"kb-adv-heading38_85d3c0-dd_1\">Vous y d\u00e9couvrirez :<\/p>\n\n\n\n<ul class=\"wp-block-list\">\n<li class=\"has-medium-font-size\">un patrimoine riche,<\/li>\n\n\n\n<li class=\"has-medium-font-size\">une nature exceptionnelle,<\/li>\n\n\n\n<li class=\"has-medium-font-size\">une culture locale forte,<\/li>\n\n\n\n<li class=\"has-medium-font-size\">une vraie douceur de vivre.<\/li>\n<\/ul>\n\n\n<style>.wp-block-kadence-advancedheading.kt-adv-heading38_c63b74-f5, .wp-block-kadence-advancedheading.kt-adv-heading38_c63b74-f5[data-kb-block=\"kb-adv-heading38_c63b74-f5\"]{font-style:normal;}.wp-block-kadence-advancedheading.kt-adv-heading38_c63b74-f5 mark.kt-highlight, .wp-block-kadence-advancedheading.kt-adv-heading38_c63b74-f5[data-kb-block=\"kb-adv-heading38_c63b74-f5\"] mark.kt-highlight{font-style:normal;color:#f76a0c;-webkit-box-decoration-break:clone;box-decoration-break:clone;padding-top:0px;padding-right:0px;padding-bottom:0px;padding-left:0px;}<\/style>\n<h1 class=\"kt-adv-heading38_c63b74-f5 wp-block-kadence-advancedheading\" data-kb-block=\"kb-adv-heading38_c63b74-f5\">Carte interactive des points d&#8217;int\u00e9r\u00eat<\/h1>\n\n\n<style>.wp-block-kadence-advancedheading.kt-adv-heading38_1744ff-20_0, .wp-block-kadence-advancedheading.kt-adv-heading38_1744ff-20_0[data-kb-block=\"kb-adv-heading38_1744ff-20_0\"]{font-style:normal;}.wp-block-kadence-advancedheading.kt-adv-heading38_1744ff-20_0 mark.kt-highlight, .wp-block-kadence-advancedheading.kt-adv-heading38_1744ff-20_0[data-kb-block=\"kb-adv-heading38_1744ff-20_0\"] mark.kt-highlight{font-style:normal;color:#f76a0c;-webkit-box-decoration-break:clone;box-decoration-break:clone;padding-top:0px;padding-right:0px;padding-bottom:0px;padding-left:0px;}<\/style>\n<p class=\"kt-adv-heading38_1744ff-20_0 wp-block-kadence-advancedheading\" data-kb-block=\"kb-adv-heading38_1744ff-20_0\"><\/p>\n\n\n<style>.wp-block-kadence-advancedheading.kt-adv-heading38_8e7a1b-a9, .wp-block-kadence-advancedheading.kt-adv-heading38_8e7a1b-a9[data-kb-block=\"kb-adv-heading38_8e7a1b-a9\"]{font-style:normal;}.wp-block-kadence-advancedheading.kt-adv-heading38_8e7a1b-a9 mark.kt-highlight, .wp-block-kadence-advancedheading.kt-adv-heading38_8e7a1b-a9[data-kb-block=\"kb-adv-heading38_8e7a1b-a9\"] mark.kt-highlight{font-style:normal;color:#f76a0c;-webkit-box-decoration-break:clone;box-decoration-break:clone;padding-top:0px;padding-right:0px;padding-bottom:0px;padding-left:0px;}<\/style>\n<p class=\"kt-adv-heading38_8e7a1b-a9 wp-block-kadence-advancedheading\" data-kb-block=\"kb-adv-heading38_8e7a1b-a9\"><\/p>\n\n\n\n\t\t\t\t<div class='mapster-wp-maps-container'>\n\t\t\t\t<div class='mapster-wp-maps-loader-container' style='height: 400px;width: 100%;'>\n\t\t\t\t\t<div class='mapster-map-loader-initial' style='background-color: rgba(255,255,255,0.6)'>\n\t\t\t\t\t\t<svg stroke=\"rgba(0, 0, 0, 0.3)\" fill=\"rgba(0, 0, 0, 0.3)\"width=\"38\" height=\"38\" viewBox=\"0 0 38 38\" xmlns=\"http:\/\/www.w3.org\/2000\/svg\" stroke=\"#fff\"> <g fill=\"none\" fill-rule=\"evenodd\"> <g transform=\"translate(1 1)\" stroke-width=\"2\"> <circle stroke-opacity=\".5\" cx=\"18\" cy=\"18\" r=\"18\"\/> <path d=\"M36 18c0-9.94-8.06-18-18-18\"> <animateTransform attributeName=\"transform\" type=\"rotate\" from=\"0 18 18\" to=\"360 18 18\" dur=\"1s\" repeatCount=\"indefinite\"\/> <\/path> <\/g> <\/g> <\/svg>\n\t\t\t\t\t<\/div>\n\t\t\t\t<\/div>\n\t\t\t\t<div class='mapster-wp-maps'\n\t\t\t\t\tid='mapster-wp-maps-239'\n\t\t\t\t\tdata-id='239'\n\t\t\t\t\tdata-latitude='null'\n\t\t\t\t\tdata-longitude='null'\n\t\t\t\t\tdata-zoom='null'\n\t\t\t\t\tdata-single_feature_id=''\n\t\t\t\t\tdata-feature_ids=''>\n\t\t\t\t<\/div>\n\t\t\t\t\n\t\t\t<\/div>\n\t\t\n\n<style>.wp-block-kadence-advancedheading.kt-adv-heading38_247427-d2, .wp-block-kadence-advancedheading.kt-adv-heading38_247427-d2[data-kb-block=\"kb-adv-heading38_247427-d2\"]{font-style:normal;}.wp-block-kadence-advancedheading.kt-adv-heading38_247427-d2 mark.kt-highlight, .wp-block-kadence-advancedheading.kt-adv-heading38_247427-d2[data-kb-block=\"kb-adv-heading38_247427-d2\"] mark.kt-highlight{font-style:normal;color:#f76a0c;-webkit-box-decoration-break:clone;box-decoration-break:clone;padding-top:0px;padding-right:0px;padding-bottom:0px;padding-left:0px;}<\/style>\n<p class=\"kt-adv-heading38_247427-d2 wp-block-kadence-advancedheading\" data-kb-block=\"kb-adv-heading38_247427-d2\"><\/p>\n\n\n<style>.wp-block-kadence-advancedheading.kt-adv-heading38_1340a9-93, .wp-block-kadence-advancedheading.kt-adv-heading38_1340a9-93[data-kb-block=\"kb-adv-heading38_1340a9-93\"]{font-style:normal;}.wp-block-kadence-advancedheading.kt-adv-heading38_1340a9-93 mark.kt-highlight, .wp-block-kadence-advancedheading.kt-adv-heading38_1340a9-93[data-kb-block=\"kb-adv-heading38_1340a9-93\"] mark.kt-highlight{font-style:normal;color:#f76a0c;-webkit-box-decoration-break:clone;box-decoration-break:clone;padding-top:0px;padding-right:0px;padding-bottom:0px;padding-left:0px;}<\/style>\n<p class=\"kt-adv-heading38_1340a9-93 wp-block-kadence-advancedheading\" data-kb-block=\"kb-adv-heading38_1340a9-93\"><\/p>\n\n\n<style>.wp-block-kadence-advancedheading.kt-adv-heading38_d4fc1a-04, .wp-block-kadence-advancedheading.kt-adv-heading38_d4fc1a-04[data-kb-block=\"kb-adv-heading38_d4fc1a-04\"]{font-style:normal;}.wp-block-kadence-advancedheading.kt-adv-heading38_d4fc1a-04 mark.kt-highlight, .wp-block-kadence-advancedheading.kt-adv-heading38_d4fc1a-04[data-kb-block=\"kb-adv-heading38_d4fc1a-04\"] mark.kt-highlight{font-style:normal;color:#f76a0c;-webkit-box-decoration-break:clone;box-decoration-break:clone;padding-top:0px;padding-right:0px;padding-bottom:0px;padding-left:0px;}<\/style>\n<p class=\"kt-adv-heading38_d4fc1a-04 wp-block-kadence-advancedheading\" data-kb-block=\"kb-adv-heading38_d4fc1a-04\"><\/p>\n","protected":false},"excerpt":{"rendered":"<p>Le Perche est un territoire au charme singulier, fait de collines, de bocages, de for\u00eats profondes et de villages de caract\u00e8re. Situ\u00e9 \u00e0 moins de 2 heures de Paris, c\u2019est&#8230;<\/p>\n","protected":false},"author":1,"featured_media":0,"parent":0,"menu_order":0,"comment_status":"closed","ping_status":"closed","template":"","meta":{"_acf_changed":false,"_kad_post_transparent":"","_kad_post_title":"hide","_kad_post_layout":"","_kad_post_sidebar_id":"","_kad_post_content_style":"","_kad_post_vertical_padding":"","_kad_post_feature":"","_kad_post_feature_position":"","_kad_post_header":false,"_kad_post_footer":false,"_kad_post_classname":"","footnotes":""},"class_list":["post-38","page","type-page","status-publish","hentry"],"acf":[],"_links":{"self":[{"href":"https:\/\/lauberdiere.fr\/index.php\/wp-json\/wp\/v2\/pages\/38","targetHints":{"allow":["GET"]}}],"collection":[{"href":"https:\/\/lauberdiere.fr\/index.php\/wp-json\/wp\/v2\/pages"}],"about":[{"href":"https:\/\/lauberdiere.fr\/index.php\/wp-json\/wp\/v2\/types\/page"}],"author":[{"embeddable":true,"href":"https:\/\/lauberdiere.fr\/index.php\/wp-json\/wp\/v2\/users\/1"}],"replies":[{"embeddable":true,"href":"https:\/\/lauberdiere.fr\/index.php\/wp-json\/wp\/v2\/comments?post=38"}],"version-history":[{"count":13,"href":"https:\/\/lauberdiere.fr\/index.php\/wp-json\/wp\/v2\/pages\/38\/revisions"}],"predecessor-version":[{"id":255,"href":"https:\/\/lauberdiere.fr\/index.php\/wp-json\/wp\/v2\/pages\/38\/revisions\/255"}],"wp:attachment":[{"href":"https:\/\/lauberdiere.fr\/index.php\/wp-json\/wp\/v2\/media?parent=38"}],"curies":[{"name":"wp","href":"https:\/\/api.w.org\/{rel}","templated":true}]}}